 2. Let g be u(-2). Let v = 7 + g. What is the units digit of v?
1
Let p(g) = 13*g - 16. What is the tens digit of p(8)?
8
Suppose 5*d - 336 = d. Suppose g + 87 = 3*p - 0*g, 3*p = 2*g + d. What is the tens digit of p?
3
What is the units digit of (-2 - 2)/((-6)/9)?
6
Let n(x) = x**3 - 3*x**2 + 4*x - 3. Let p be (-15)/3*(-28)/(-10). Let f be (-60)/(-35) - 4/p. What is the units digit of n(f)?
1
Let r(u) = 8*u**2 - 2*u + 4. What is the tens digit of r(-2)?
4
Let x(s) be the first derivative of s**6/360 + s**5/24 + 7*s**4/24 - s**3 + 2. Let p(t) be the third derivative of x(t). What is the units digit of p(-5)?
7
Let s = 14 + -10. Suppose 4*y + 82 = 3*c + 20, -4*c + 76 = -s*y. What is the tens digit of c?
1
Let d(n) = n + 2 + n**2 - 2*n + 4*n. Suppose -4*q - 2 = -m - 3*q, m + 5*q + 28 = 0. What is the units digit of d(m)?
2
Let p be (-2)/((-1)/((-62)/4)). Let l = 43 + p. What is the units digit of -2*-2*63/l?
1
Let i = 4 + 17. Let h = i - 14. What is the units digit of h?
7
What is the hundreds digit of -1 + (1 - 20/4*-24)?
1
Let n(s) = s**3 + 3*s**2 + s + 2. Let o be n(-3). Let j = o - -3. Suppose 16 = -j*k + 4*k. What is the units digit of k?
8
Let g(n) = -4*n - 6. Let d be g(-4). What is the units digit of ((-15)/d)/((-1)/10)?
5
What is the tens digit of 46/3 + (-6)/(-9)?
1
Let k = -1 - 3. Suppose -4*h + 3*y - 52 = -y, -3*y = 3*h + 45. Let c = k - h. What is the tens digit of c?
1
Suppose -4*c + 24 = -4*r, 4*r + 14 - 34 = 0. Let t = -2 - -1. What is the units digit of t/3*-3*c?
1
Let x(v) = -v**3 - 7*v**2 - 5*v + 2. Let c be x(-6). Let p = 8 + c. Suppose -20 + 4 = -p*j. What is the units digit of j?
4
Let d(h) = -4*h + 5. Let u be d(-8). Suppose -2*l = 5*c - u, 131 = 4*l + c + 12. What is the tens digit of l?
3
Let v be (6 - 6)*(-1)/2. Let w = -10 + v. What is the units digit of (16/w)/1*-10?
6
Suppose d + 12 = 57. What is the units digit of 608/18 + 10/d?
4
Suppose b = 2*b. What is the units digit of (-2 - b)*10/(-4)?
5
Let g(r) = -r**3 + 6*r**2 + 8*r - 5. Let x be g(7). Let u be 0/(-1 + x) - -25. Let j = -12 + u. What is the units digit of j?
3
Let x be (-138)/24 + 1/(-4). What is the tens digit of (-68)/x - 8/24?
1
Let x(m) = -3 + 5*m + 3 + 2. What is the tens digit of x(2)?
1
Let a be -5*((-6)/10 - -1). Suppose -2*o + 3*o + 13 = t, 4*t - 2*o = 50. What is the tens digit of t + -2 - (a + 0)?
1
Let w(f) = 23*f**2 - 2*f - 1. Let r be w(-1). What is the tens digit of 7/(14/r) - -2?
1
Let k(a) = 5*a**2 - a. Suppose 3*r + 0 = 3. Let j be k(r). Suppose -3*z = -4*c - z + 10, -3*c + j*z + 5 = 0. What is the units digit of c?
3
Suppose -3*h + x + 5 = 0, -5*x = 5*h - h - 13. Suppose -c = h*c - 21. What is the units digit of c?
7
Suppose 5*x = 4*y - 67, -4*y - 3*x + 4*x + 55 = 0. Let z = -7 + 12. Suppose -68 = -5*l - j, -l + z*j + 11 = -y. What is the tens digit of l?
1
Suppose 4*c + 72 = 5*c. What is the tens digit of c?
7
Let r be 3/(-1)*(-16)/3. Suppose r = -4*y - 0. Let u = 11 + y. What is the units digit of u?
7
What is the tens digit of (43/(-4))/(16/(-64))?
4
Let r(z) be the third derivative of -z**4/24 - 2*z**3/3 - z**2. What is the units digit of r(-9)?
5
What is the tens digit of (5 + -1 - 2) + 41?
4
Suppose 2*k - 4*i = 6*k - 20, 0 = 2*k - 4*i - 4. Let g(j) = j**3 - 3*j**2 - 3*j + 2. What is the units digit of g(k)?
6
Let p(x) = -4*x**3 - 3*x**2 + 4*x - 5. Let i(c) = 3 + 1 + 3*c**3 + 4*c - 7*c + 2*c**2. Let f(n) = 3*i(n) + 2*p(n). What is the units digit of f(2)?
8
Let b = 2 + 3. Suppose -2*l - v = -5*l, -2*v = -b*l. Suppose -4*d + 12 = 4*z, 4*d - 4 = -l*d. What is the units digit of z?
2
Let w(n) = 18*n - 7. What is the tens digit of w(4)?
6
What is the units digit of 3/(-21) + (-506)/(-14)?
6
Let q be (-4)/(-3) + 1/(-3). Let f = q - -3. Suppose 0 = -x - 2*s - 1, f*x = s + 21 - 7. What is the units digit of x?
3
Let h be 0*(2 + 6/(-4)). Suppose -4*g + 9*g - 125 = h. What is the units digit of g?
5
Let n = -2 - -5. Suppose 0 = -n*t + 22 + 8. What is the units digit of t?
0
What is the units digit of (123 - -3)/((-10)/(-5))?
3
Suppose -4*u = u - 5*w - 115, -3*w = 3*u - 63. What is the units digit of u?
2
Let p(g) = -g**2 - 12*g - 13. Let m = 20 + -31. Let q be p(m). What is the units digit of -5*(-1)/q*-2?
5
What is the tens digit of 44*((-11)/4 + 3)?
1
Suppose -3*p + 2*p = -42. What is the tens digit of p?
4
Suppose -4*v - 4*m = -408, -3*m - 4 = -7*m. What is the units digit of v?
1
Suppose 2*o = -6, -a + o = -5*a + 5. Suppose 8 = -4*w + 5*w. Let n = a + w. What is the tens digit of n?
1
Let l be 5/(30/16)*6. Suppose 2*y - 18 - l = 0. Suppose -y = -2*b + 3*u - 5, -3*b - 3*u = -3. What is the units digit of b?
3
Let k(v) = v**3 - 4*v + 3. What is the units digit of k(2)?
3
Let g(q) = -q + 48. What is the tens digit of g(-14)?
6
Let d(t) be the first derivative of t**3/3 + 7*t**2/2 + 3*t - 2. What is the units digit of d(-8)?
1
Let w(b) = -b**3 - 7*b**2 - 12*b - 3. Let p be w(-5). Let z = 29 + -10. Let f = z - p. What is the units digit of f?
2
Let p = -7 + 17. What is the units digit of p?
0
Let q(b) = 26*b**2 - b - 1. Let a be q(-1). What is the tens digit of (-2 + a - -1) + -3?
2
Let a = 6 - 1. Suppose 4*y = 3*y + 3. Suppose -4*o = 3*z - 17, -5*z - y*o + 11 = -a*o. What is the units digit of z?
3
Let r(j) = j**3 - 9*j**2 - 9*j + 10. What is the tens digit of r(10)?
2
Let a(f) = f**3 - f**2 + f - 1. Let q be a(3). Suppose -y + 6*y = q. What is the units digit of y?
4
What is the tens digit of 5/(-30)*-3*106?
5
Let g = -12 + 18. Suppose -3*o + 21 = g. What is the units digit of o?
5
Suppose 0 = 5*m - m - 100. Let u = m - 14. Suppose -5*l + u = -49. What is the tens digit of l?
1
Let y = -1 + 1. Suppose 3*j - 9 = -y*j. What is the units digit of j?
3
Let g(h) = -2*h + 3. Let x be g(-3). Suppose 43 = 3*m - 5*a, -24 = -3*m + 3*a + x. What is the units digit of m?
6
Let r = 75 - -23. What is the tens digit of r?
9
Let y = 100 - 64. What is the units digit of y?
6
Suppose 735 = 7*f - 5*f - 3*g, 0 = 2*f - 2*g - 732. What is the hundreds digit of f?
3
Let h(k) = 14*k - 1. What is the units digit of h(2)?
7
Let z = -20 - -40. Suppose -4*u + 0*w = -5*w + 5, -4*w + z = 0. Suppose -u = -3*y - 2. What is the units digit of y?
1
Suppose -2*f + 2*v = -2, -3*f + 5*v + 6 = f. Let g = 2 - f. Suppose 3*o + 6 = s + o, 8 = g*s - o. What is the units digit of s?
2
Let b = 157 - 80. What is the tens digit of b?
7
Suppose 3*v + 1 = -p + 257, 2*p = -4*v + 342. What is the units digit of v?
5
Let c(i) = i**2 - 3*i + 9. Let q be 5*(2 + 0)/2. What is the units digit of c(q)?
9
Let l(g) = g**2 + 5*g + 6. Let k(y) = -y**2 - 5*y - 5. Let a(r) = -6*k(r) - 5*l(r). What is the units digit of a(-6)?
6
Let o be 22/6*(1 + 2). Let j be (-1 - -1)/(-2) + o. What is the units digit of 35/j - 2/11?
3
Let o(d) = d**3 - 5*d**2 + 5*d - 5. Let t be o(4). Let j = 6 - t. What is the units digit of (0 - -1) + -2 + j?
6
What is the hundreds digit of 24*((-1)/(-8) - 282/(-48))?
1
What is the units digit of 4 + 108/2 + 0?
8
Let a(d) = 63*d**2 - d + 1. What is the units digit of a(1)?
3
What is the hundreds digit of ((-6562)/85)/((-4)/10)?
1
Suppose 3*k = -3 - 0. What is the tens digit of ((-48)/(-30))/(k/(-15))?
2
Let n = 10 - 8. What is the units digit of n?
2
Suppose 7*l - 20 = 2*l. Let o be 60*(-1)/((-1)/1). Suppose -5*h + o = -l*i, 0 = 2*h + 3*h + 3*i - 25. What is the units digit of h?
8
Let d = 67 - 44. Let m = d + 2. What is the units digit of m?
5
Let v(i) = i**3 + 11*i**2 + 9*i - 4. Let o be v(-10). Suppose -54 = -4*s + o. What is the tens digit of s?
1
What is the tens digit of -2*((-43)/2 + 4)?
3
Let f = -9 - 0. What is the units digit of f/(-6) - 9/(-6)?
3
Let u be ((-42)/15)/(2/10). Suppose -5*m = -n + 21, -n - 2*m - 29 = 3*m. Let s = n - u. What is the units digit of s?
0
Let g(z) = 3*z - 3. Let q be g(2). Suppose 4*a = l + 2*l + 14, 2*a = -q*l + 16. What is the units digit of l?
2
Let l(c) = -c**3 - c**2 + c + 1. Let o be l(-1). Suppose 0 = -y - 5*t - 13, 4*y = -0*y - 2*t + 2. Let q = y + o. What is the units digit of q?
2
Let c = 1 - -5. Let i(n) = n - 1. Let q(g) = 1. Let j(s) = 2*i(s) + q(s). What is the units digit of j(c)?
1
Suppose 5*u + 2*v = -v - 16, -2*u - 13 = -v. Let c(k) = k**3 + 5*k**2 - 5*k - 4. What is the units digit of c(u)?
1
Let h be (-19)/(-7) - 4/(-14)